 - 88 = -62. Let z be 13/n + 1/((-2)/22). Let i be c(z). What is the highest common factor of i and 198?
22
Let g be (-8)/8*0/(-2). Suppose 3*j + g - 432 = 0. Let v be 30/(-4)*(-12)/5. What is the highest common factor of v and j?
18
Suppose -142 = -4*v - 954. Let w = -62 - v. Calculate the highest common divisor of 235 and w.
47
Let z(q) = q**2 + 111*q + 646. Let u be z(-105). What is the highest common divisor of 12 and u?
4
Let j = 74 - 61. Suppose -55 = -j*u - 16. Suppose 20 = 3*s - 2*c, 7*c = u*s + 4*c - 21. What is the highest common divisor of s and 42?
6
Let a = 22375 - 21949. What is the highest common divisor of 27051 and a?
213
Let i(b) = 3*b**2 - 8*b - 2. Let q be i(9). Let a = q - -239. Calculate the highest common divisor of a and 24.
24
Let o be (-1)/(-5)*-1 + 26992/(-140). Let b = o - -310. What is the greatest common divisor of b and 9?
9
Let d(h) = -h**3 - 3*h**2 + h + 4. Let n be d(-3). Let b(p) = 639*p - 1008*p - 1 + 496*p. Let l be b(n). What is the highest common factor of 14 and l?
14
Let m(w) = 12*w + 30. Let h(i) = 23*i + 59. Let n(f) = -3*h(f) + 5*m(f). Let b = 45 + -51. Let x be n(b). What is the greatest common divisor of x and 216?
27
Suppose -5*x = 4*h - 880, 192*h - 193*h - 2*x + 223 = 0. What is the highest common factor of h and 25?
5
Suppose -1942 = 16*g + 2410. Let q = -261 - g. What is the greatest common divisor of q and 121?
11
Suppose -556087 - 414029 + 313581 = -115*l. Calculate the greatest common divisor of 173 and l.
173
Let d be (-16)/(-20)*-10*(-1)/(-2). Let c be 1 + d*(-2)/2. Let b be ((-5)/(-2))/(2/20). What is the highest common factor of b and c?
5
Suppose 2*a - 216 = 3*k, 2*a - 305 = -a - 5*k. Suppose -4*q = -9*q + a. Let x be (-12)/8 - -2 - 15/(-6). What is the greatest common divisor of x and q?
3
Suppose 21000 = 67*t - 60*t. Calculate the greatest common factor of 210 and t.
30
Suppose 5*m - 18*m + 611 = 0. Let d be ((-10)/(-6))/((-9)/(-297)). Let o = d - m. Calculate the greatest common divisor of 8 and o.
8
Suppose 0 = -42*g - 97*g + 57129 + 9730. Calculate the greatest common factor of g and 333.
37
Let u = -26074 - -27841. Calculate the greatest common divisor of u and 228.
57
Let r(g) = 4*g**2 - 28*g - 7. Suppose 8 = w - h, 12*w - 5*h + 50 = 17*w. Let x be r(w). Suppose -87 = -3*i - 9. Calculate the greatest common factor of i and x.
13
Suppose 7741 = 31*l - 443. What is the highest common divisor of l and 456?
24
Suppose -509 - 891 = -28*i. Let p(s) = s**3 + 8*s**2 - 14. Let w be p(-8). Let d be (7/w)/((-1)/60). What is the highest common divisor of d and i?
10
Suppose 415*o = 17229 + 17631. What is the greatest common divisor of 102 and o?
6
Let z(w) = 65*w + 100. Let b be z(-6). Let n = 312 + b. Calculate the greatest common divisor of 55 and n.
11
Let u(c) = c - 17. Let r be u(22). Suppose -r*h = -5*k - 3*h + 38, -3*h = 2*k - 19. Let z be (-1)/(2*(-7)/168). What is the highest common divisor of z and k?
4
Let t(v) = 253*v**2 - 36*v - 81. Let h be t(-5). Calculate the highest common divisor of 88 and h.
88
Suppose -d + 25 = 4*d, 4*i = 3*d + 9. Suppose i*a - 3*a = 45. Suppose 3*w - 1 - 208 = -4*n, 0 = 5*w - a. Calculate the highest common divisor of 10 and n.
10
Let v(t) = 2 - 16*t + 2*t + 15*t. Let w be v(8). Let c be (2/(-2))/((-2)/30). Calculate the highest common divisor of c and w.
5
Let s = 67 - 51. Suppose 0 = -19*t + 329 - 70 + 45. Calculate the highest common divisor of s and t.
16
Suppose 5*f = 4*s + 506, -f - f + 208 = 4*s. Let t be 8 + (-6470)/(-60) - -3 - 3/(-18). What is the greatest common factor of f and t?
17
Let b be ((-24)/15 + 0)/((-12)/330). Suppose b*m = 10*m + 5610. Let j(t) = -6*t - 9. Let s be j(-7). Calculate the greatest common divisor of m and s.
33
Let g be 1 + 14/(2/1). Let p(i) = -i**3 + 8*i**2 + 6. Let w be p(g). Let d = -3352 - -3394. Calculate the greatest common factor of d and w.
6
Suppose -o = -h + 44, 5*h - 121 - 64 = -2*o. Let b be 4/(-18) - (119/(-9) - -4). Calculate the highest common divisor of h and b.
3
Suppose 3*s - 5027 = -5*i, -2*s - 90*i + 84*i + 3370 = 0. Calculate the greatest common factor of 52 and s.
52
Let r be ((-123)/(-82))/(24/3392). Let g = 120 - 67. Calculate the highest common divisor of r and g.
53
Suppose -4*l + 452 = 9*d - 5*d, -5*d + 555 = -5*l. What is the highest common divisor of 496 and d?
16
Let m(j) = 42*j**3 + 5*j**2 + 41*j - 439. Let k be m(7). What is the greatest common factor of 81 and k?
81
Suppose -13*q - 4*x = -14*q + 52, -341 = -4*q - 3*x. Calculate the greatest common divisor of 1520 and q.
80
Suppose 408*z + 43146 = 549*z. Let d(g) = 37*g**2 - g. Let m be d(1). What is the greatest common factor of m and z?
18
Suppose 4*o = -2*i + 2 - 10, -2*o = 6. Let n be 28/8 - (-1)/(-2). Suppose n*u - 11 = w, i*u = u + 4*w + 22. What is the greatest common factor of u and 6?
2
Let p(s) = -s + 0 - 3*s + 1 + 3*s. Let n be p(-4). Suppose n*v - 572 = 618. What is the greatest common factor of 34 and v?
34
Suppose -2 + 20 = 2*b. Let g = -3591 - -3609. Suppose -11*c = -b*c - g. Calculate the highest common factor of 27 and c.
9
Suppose -3*w - 4*i = -1195, -4*w + 8*w + i = 1576. Let u = w - 381. Calculate the highest common factor of u and 108.
12
Let a = 34 - 32. Suppose -7*v + 50 = -a*v + 3*y, 30 = 3*v - 3*y. What is the highest common factor of 15 and v?
5
Let f be -36 + 37 - (-114 + 1). Calculate the greatest common factor of 9310 and f.
38
Let u = 2 + -4. Let m be 1*(-8)/(-3 - u) + -4. Suppose -3*k - 5 + 35 = 0. What is the highest common divisor of k and m?
2
Suppose 66 = d - 2*b, -243*d = -248*d + 4*b + 318. What is the highest common factor of d and 93?
31
Suppose 2*j + 77792 = 2*u, -j - 9276 = -2*u + 68520. What is the greatest common factor of 100 and u?
100
Let h = 10837 + -8356. Calculate the highest common factor of h and 6.
3
Let q(s) = -3*s**2 - 99*s - 77. Let l be q(-32). Let f(g) = -g**3 + 21*g**2 - 34*g + 44. Let d be f(l). What is the highest common factor of 15 and d?
15
Suppose -96*z - 56*z + 109576 = -12328. What is the greatest common divisor of z and 10?
2
Suppose 280*l - 279*l - 375 = 3*w, 4*w + 24 = 0. What is the highest common divisor of 833 and l?
119
Let g = 17 + -4. Suppose 2*z = 5*t - 501, 0 = -z - 4*z - 15. Suppose -t = -4*l + 109. What is the highest common factor of l and g?
13
Suppose 2*u - 14 = -n + 3*u, 4*n + 5*u - 47 = 0. Let r be (-4)/10 - ((-326)/(-10) - 2). Let k = r - -96. Calculate the highest common factor of k and n.
13
Let w be (-482)/(-9) + 2 + 23/(2277/(-154)). Calculate the highest common divisor of w and 12933.
27
Suppose -5*u = -a - 3*a - 793, -a + 3 = 0. Suppose 0 = 2*v + 3*d - 65 - 261, 2*d = -v + u. Calculate the greatest common divisor of v and 39.
13
Let b(p) = -5*p + 169 + 4*p**2 - 159 - 2*p - 3*p**2 + 0*p. Let t be b(7). Let g(j) = -44*j + 1. Let w be g(-1). Calculate the highest common factor of w and t.
5
Let j(n) be the third derivative of -n**6/120 + 4*n**5/15 - 5*n**4/8 - 17*n**3/6 - 68*n**2. Let g be j(14). Calculate the highest common divisor of g and 5.
5
Let p be (-9)/72*-24*87. What is the highest common factor of 288 and p?
9
Suppose 0 = 5*j - 10, 4*b - 3 = 3*j + 11. Suppose x + 0*x + b = 0, 3*y + 2*x = -25. Let c be 18/(-6)*(y - -1). Calculate the highest common factor of 48 and c.
12
Let q = -37 + 65. Let i(d) = d**3 + 25*d**2 + 17*d - 90. Let y be i(-23). Suppose -y*u = -574*u - 756. What is the highest common divisor of u and q?
28
Let d = 63 - 28. Suppose 37*c - d*c = 0. Suppose -22*j + 18*j + 20 = c. What is the highest common factor of 5 and j?
5
Let h = -4735 + 11185. What is the greatest common factor of 25 and h?
25
Let w = 200 - 194. Suppose -w + 4 = -2*l. What is the highest common divisor of l and 2?
1
Let k(f) = f**3 - 7*f**2 - 10*f - 8. Let v be k(9). Let y = -42 + v. Let j = -2124 + 2135. What is the greatest common divisor of y and j?
11
Let t = 1757 + -1465. What is the greatest common divisor of 8 and t?
4
Let c(d) = -d**2 + 107*d - 41. Let b be c(103). Calculate the highest common factor of 106 and b.
53
Let k(a) = 15*a + 7. Let j be k(-6). Suppose -5*s + 2*r = 3*r + 216, -4 = 4*r. Let w = s - j. What is the highest common divisor of 5 and w?
5
Let r be 13/(-11) - -1 - (-1700)/275. Let o be 1*r/(-21)*(-9 - -2). Suppose -o*c = c + 1